{"id":2593,"date":"2026-04-07T13:00:51","date_gmt":"2026-04-07T13:00:51","guid":{"rendered":"https:\/\/josianevargasdelfino.com.br\/?post_type=product&#038;p=2593"},"modified":"2026-04-07T13:00:51","modified_gmt":"2026-04-07T13:00:51","slug":"curso-teste-token","status":"publish","type":"product","link":"https:\/\/josianevargasdelfino.com.br\/index.php\/produto\/curso-teste-token\/","title":{"rendered":"CURSO TESTE TOKEN"},"content":{"rendered":"","protected":false},"excerpt":{"rendered":"<p>O Token Test avalia a compreens\u00e3o verbal, linguagem receptiva, mem\u00f3ria operacional, controle inibit\u00f3rio e aten\u00e7\u00e3o.<\/p>\n<p>O p\u00fablico alvo \u00e9 crian\u00e7as dos 7 aos 10 anos e idosos.<\/p>\n<p>Pode ser utilizado para avalia\u00e7\u00e3o qualitativa para outras faixas et\u00e1rias, inclusive na avalia\u00e7\u00e3o do TDAH no adulto e infantojuvenil.<\/p>\n<p>Teste n\u00e3o restrito e incluso no curso.<\/p>\n","protected":false},"featured_media":2594,"comment_status":"open","ping_status":"closed","template":"","meta":{"_acf_changed":false},"product_brand":[],"product_cat":[27],"product_tag":[],"class_list":{"0":"post-2593","1":"product","2":"type-product","3":"status-publish","4":"has-post-thumbnail","6":"product_cat-sem-categoria","8":"first","9":"instock","10":"taxable","11":"shipping-taxable","12":"purchasable","13":"product-type-simple"},"acf":[],"_links":{"self":[{"href":"https:\/\/josianevargasdelfino.com.br\/index.php\/wp-json\/wp\/v2\/product\/2593","targetHints":{"allow":["GET"]}}],"collection":[{"href":"https:\/\/josianevargasdelfino.com.br\/index.php\/wp-json\/wp\/v2\/product"}],"about":[{"href":"https:\/\/josianevargasdelfino.com.br\/index.php\/wp-json\/wp\/v2\/types\/product"}],"replies":[{"embeddable":true,"href":"https:\/\/josianevargasdelfino.com.br\/index.php\/wp-json\/wp\/v2\/comments?post=2593"}],"wp:featuredmedia":[{"embeddable":true,"href":"https:\/\/josianevargasdelfino.com.br\/index.php\/wp-json\/wp\/v2\/media\/2594"}],"wp:attachment":[{"href":"https:\/\/josianevargasdelfino.com.br\/index.php\/wp-json\/wp\/v2\/media?parent=2593"}],"wp:term":[{"taxonomy":"product_brand","embeddable":true,"href":"https:\/\/josianevargasdelfino.com.br\/index.php\/wp-json\/wp\/v2\/product_brand?post=2593"},{"taxonomy":"product_cat","embeddable":true,"href":"https:\/\/josianevargasdelfino.com.br\/index.php\/wp-json\/wp\/v2\/product_cat?post=2593"},{"taxonomy":"product_tag","embeddable":true,"href":"https:\/\/josianevargasdelfino.com.br\/index.php\/wp-json\/wp\/v2\/product_tag?post=2593"}],"curies":[{"name":"wp","href":"https:\/\/api.w.org\/{rel}","templated":true}]}}